Is 8/112*7 + 1 + 3082318/4 composite?
True
Suppose 84*x - 15985223 = -229*x. Is x composite?
False
Let a = 50 + -50. Suppose 18*w - 22*w + 28 = a. Suppose 0 = -w*b + 3116 + 27. Is b a prime number?
True
Let z = 5875 - 9832. Let r = z + 7310. Is r prime?
False
Let m = 3194 + 22971. Is m a prime number?
False
Let y(v) = 7*v**3 + 10*v**2 + 7*v + 12. Let l be y(14). Let x = 38241 - l. Is x composite?
False
Suppose -3*k + 62889 = 11*j - 8*j, 2*k = 3*j - 62859. Is j prime?
False
Let t(h) = -2*h**2 - 3*h + 2879. Let x(k) = -k**3 - 19*k**2 + 18*k - 40. Let j be x(-20). Is t(j) composite?
False
Is 39310 + -5 + (10 - 4) prime?
False
Suppose 6*p - 2659 = -175. Suppose 5*x + 1343 = 18. Let k = x + p. Is k prime?
True
Let q(j) = j**2 - 9*j - 18. Let u be q(11). Suppose 2*c + 3*v + 201 = 0, u*v = -9 + 21. Is -2 - (c - (6 - 3)) a prime number?
False
Let v = 20 - 20. Suppose -5*p + a + 8 = -v*a, -2*a + 2 = -p. Suppose -g - 4*g + 3*b = -12703, 3*g - 7621 = p*b. Is g a composite number?
False
Let j(o) = o**3 + 5*o**2 - 5*o - 5. Let z be j(-7). Let l be (-187)/z - 2/(-8). Suppose 412 = l*p - 545. Is p composite?
True
Suppose 3*x - 22 = -16. Let w be (5 + 2 - x) + 3 + -4. Is (254/w)/((-6)/(-12)) a prime number?
True
Suppose -43*q + 273*q = 3*q + 168189521. Is q a prime number?
True
Let f(o) = 10*o**3 - 37*o**2 + 61*o - 365. Is f(16) prime?
True
Suppose 262391 = 15*n - 19294. Is n a composite number?
True
Suppose 9*d + 5864295 = 57*d - 33*d. Is d prime?
True
Let a(s) = 238*s**2 - 4*s - 3. Let r be a(4). Suppose 0 = -3*c + 2*c - 2432. Let x = r + c. Is x composite?
True
Let d be ((-223)/2)/(243/246 + -1). Let t = 15274 - d. Is t composite?
False
Suppose 10*o + 5*q = 68055, 3*o + 5*q = 10957 + 9477. Is o a prime number?
True
Let u(j) = 7*j - 85. Let w be u(13). Let x(d) = 10*d + d + 1 + 0*d. Is x(w) prime?
True
Let u(b) = 487*b**3 + b**2 - 2*b + 3. Suppose 5*p = -z - 4, -10*z = -7*z + 3*p. Is u(z) prime?
False
Suppose -4*c - 16*x + 17*x = -926476, -c + 3*x = -231619. Is c prime?
False
Let k = 14 + -11. Let i(r) = 34*r + 114. Let m be i(-3). Suppose -m*g + 4869 = -k*g. Is g a composite number?
False
Let c(m) = -5750*m**2. Let q be c(1). Let k = q - -8853. Suppose 5*z - 2992 = k. Is z a composite number?
True
Let x(m) = -m**2 + 13*m + 29. Let d be x(14). Suppose 0 = -2*o - 4, -5*j - d*o + 12584 = -12*o. Is j composite?
True
Suppose 4*d - 6760229 = -2326681. Is d prime?
False
Let r(s) = s**3 + 10*s**2 - 23*s + 17. Let t be r(-12). Suppose -4*m + 3 = -t. Is (-1)/(m/(-2218) - 0) composite?
False
Let h(b) = 75*b**2 + 23*b - 45. Suppose -4*x - 4 = -12. Is h(x) prime?
False
Is 255313*-5*(-61)/305 a composite number?
False
Let k = -14864 + 39061. Is k a composite number?
False
Let z(k) = -k**2 - 2*k - 2. Let p be z(0). Let b be p - ((2 - 2) + (-14870)/(-5)). Is 1*(b/(-3) - -1) composite?
True
Suppose 5*c - a + 5480 = 0, -4*a = -5*c + 951 - 6446. Suppose -15*x + 16872 + 12708 = 0. Let h = c + x. Is h a prime number?
True
Suppose 0 = -37*c + 165246 + 98231. Is c a prime number?
True
Suppose -5*j - 20 = 0, 6*s - 3*s = 2*j + 170. Let u be (-583)/15 - (-18)/(-1485)*11. Let d = u + s. Is d composite?
True
Let m(k) = 132*k - 87. Let c be m(-30). Let i = 6364 + c. Is i composite?
True
Let i = -73938 - -269129. Is i composite?
True
Suppose 14*n + 79685 - 171597 - 110850 = 0. Is n a prime number?
False
Let n = 3049435 + -1803702. Is n a prime number?
False
Let l(o) = -3*o**3 - o**2 - 3*o + 4. Let c be l(2). Is (1/1 + -914)*(29 + c) composite?
True
Let f be (1 - -3173)/(-3)*10/20. Let v = f + 1274. Is v a composite number?
True
Suppose 26*t - 6*t + 40580 = 0. Let k = 3540 + t. Is k a composite number?
False
Let s be 51*5/(-3)*(-14)/70. Suppose 6*q = -s*q + 198743. Is q composite?
False
Let a = 1920865 + -715092. Is a composite?
False
Let t(o) = -2*o**3 + 4*o**2 + o - 5. Suppose -c = -3*r + 10, r - 8 = -4*c + 4. Suppose d + 16 = r*m, -4*m + 11 = -2*d - 3*m. Is t(d) prime?
False
Let c = -55834 + 107885. Is c prime?
True
Suppose 0 = -s + s + 2*s. Suppose b = -4*g + 19, s*g - 23 = -5*b - 2*g. Suppose 4*a - 3*o - 892 = 0, o - 1115 = -2*a - b*a. Is a a prime number?
True
Let n = 741 + 3740. Is n prime?
True
Let t = 1970722 - 1300785. Is t a prime number?
True
Let m(k) = -k**3 - 3*k**2 - 3*k - 3. Let j be m(-3). Let p(z) = z**2 - 9*z + 6. Let f be p(j). Is (2746/f)/(12/(-72)) composite?
False
Let y(g) = -7*g**3 + 17*g**2 + 130*g + 134. Is y(-42) prime?
False
Let b(w) = -112*w - 15. Let r(v) = -2*v - 47. Let z be r(-19). Let h be b(z). Let a = -652 + h. Is a composite?
True
Let i be (-7 + 6)/(1/(-10)). Let u(n) = n**2 - 10*n + 4. Let j be u(i). Suppose 4*m = 5*d - 915, -2*m + j*m = -3*d + 571. Is d a composite number?
True
Let f(g) = 33*g - 84. Let b be f(3). Suppose -b*n + 92911 = -31364. Is n a prime number?
False
Suppose 5*g = -0*g - 20, 2*o = -g + 4. Suppose -2*c + 816 = -d, 0 = o*c + 2*d - 0*d - 1640. Is c composite?
False
Suppose -1654 - 1470 = -2*m. Suppose -2*y + 1562 = -5*z, 0 = -3*y + y + z + m. Is y composite?
True
Let g = -20402 + 21217. Is g composite?
True
Let p be (-4)/((-6)/4 - 13/26). Suppose -2*b = 2*n - 2510, p*n + 0*n = 0. Is b a prime number?
False
Suppose -6*s + 27316 = -16280. Suppose 9*w - s = 3*w. Is w prime?
False
Let p(w) = 4*w + 48. Let q be p(-12). Let u(d) = d**2 + d + 1775. Let h be u(q). Let o = -796 + h. Is o a prime number?
False
Is 1/16 + (-122918455)/(-1936) a composite number?
True
Suppose 133*z - 216*z + 1065803 = 0. Is z composite?
False
Let p = 1641 + -3674. Let u = -882 - p. Is u prime?
True
Let o(a) = -6*a**3 + a**2 - 2*a - 3. Let f be o(-1). Is (3/f)/((-4)/(-920)) a composite number?
True
Let t(l) be the third derivative of l**5/20 - 23*l**4/24 - 13*l**3/2 + 4*l**2 + 4*l. Is t(-10) a prime number?
True
Let f(p) = p**2 - 9*p + 6. Let g be f(9). Let q be 20/(-3)*(-327)/4. Suppose 5*s + 5*u = q, -5*s + g*s - 4*u - 109 = 0. Is s prime?
True
Is (-598465)/(-21)*(54/30)/1 prime?
False
Let a(i) = -125 + 491 - 9*i - 113 - 124 - 100 + 110*i**2. Is a(8) composite?
False
Let k(w) = 116*w**3 - 2*w + 1. Let a be 1/((-9)/(-2)) + (-559)/(-117). Let b = 6 - a. Is k(b) prime?
False
Let g = 437 - 437. Suppose g = 254*d - 256*d + 16162. Is d composite?
False
Let o(c) = -c**3 - 18*c**2 - 45*c + 2. Let s be o(-15). Let z(m) = 2151*m - 49. Is z(s) prime?
True
Suppose 0 = z + 4*n - 198, 2*z + 3*n + 140 - 521 = 0. Suppose 82637 = -z*g + 203*g. Is g a prime number?
True
Let x(j) = j**2 + 12*j + 39. Let o be x(-7). Suppose 607 = o*q - 3021. Is q prime?
True
Suppose 0 = 3*o - 3*k - 191457, 0 = -2*o + 3*k + 169961 - 42327. Is o a prime number?
True
Suppose -360240 = -9*z - 451352 + 1793453. Is z a composite number?
False
Suppose -161*n - 6*c = -164*n + 103119, -137492 = -4*n + c. Is n prime?
False
Let z = 4822 - 2780. Let w = 1387 - z. Is 4/24 + w/(-30) composite?
True
Let x = 139 + -137. Let c(v) = 88*v + 29. Is c(x) prime?
False
Is -5*1 + 5030304/244 a composite number?
False
Let v be (-1 - -3)/(6/11301). Suppose 3*d - 4*o = 599, 20*d - 15*d + 2*o - 1007 = 0. Suppose -3*a - 2*z = -v, 0 = 3*a + 4*z - 3556 - d. Is a a prime number?
True
Let z be (-2 - -2) + -2 + -72 + 76. Let b be 3 - -4 - 3/1. Suppose -b*l + 557 = c, -2*c + z*l + 879 + 225 = 0. Is c a prime number?
False
Let z = -3186 - -1305. Let j = z + 6410. Is j prime?
False
Let w be 285/(-6)*(-1170)/75. Suppose 744*i - w*i = 44547. Is i a prime number?
False
Suppose -20*f = -2*f - 735102. Suppose 1669*n = 1672*n - f. Is n prime?
True
Suppose 0 = -4*m - 11 - 1. Let l(n) = 24*n**3 + 10*n**2 - 5*n - 6. Let p(t) = 23*t**3 + 14*t**2 - 6*t - 7. Let h(k) = -3*l(k) + 2*p(k). Is h(m) prime?
False
Suppose -5*t - 2*t + 0*t + 1368955 = 0. Is t composite?
True
Let g be (-44)/(-24) + 3/18. Suppose -5750 = -2*n - 5*q, 0*n + q = g*n - 5726. Suppose -4*k + 2099 = -n. Is k a prime number?
False
Suppose -2*s = -10*y + 15*y + 14712, -5*s - 5*y - 36765 = 0. Let u = -1808 - s. Is u composite?
True
Let q(b) = 6*b**2 - 4*b + 9. Let g(v) = -v**2 + 2*v. Let w(j) = g(j) + q(j). Suppose 5 = -d + 1. Is w(d) a prime number?
True
Let y be -1*2/(-6) + 300/(-9). Let g = 40 + y. Is (g/14)/(2/2564) a prime number?
True
Suppose -14*c + 753352 = 197174. Let d = c + -19128. Is d composite?
False
Let h(y) = 11357*y + 14. Let l be h(-6). Let z = l + 27451. I